(-150469)/(-12)?
12539
Let i = -329 + 332. Suppose -5*a - 2*k + 1011 = 0, -k - 810 = -4*a - i*k. What are the prime factors of a?
3, 67
Let d(h) = -5*h - 5. Let l be d(-3). Let y be (-2)/l - 10472/(-85). Let g = y + 8. List the prime factors of g.
131
Suppose 689050 + 676335 = 30*c + 205195. What are the prime factors of c?
3, 4297
Let w(s) = 88*s + 67. Let u be 9/5 + 76/(-95). What are the prime factors of w(u)?
5, 31
Let j(p) = 9*p + 4. Suppose -36 = -2*m - 0*m. Let y = -9 + m. List the prime factors of j(y).
5, 17
What are the prime factors of (44 - 14)/((-5)/(6100/(-6)))?
2, 5, 61
Let x(b) = -b**3 - b**2 - 15*b - 5. Let h be x(-6). Let a be (-8)/10 + (-112)/(-40). Suppose v = c - 51, -a*c - 3*c + 3*v = -h. List the prime factors of c.
2, 7
Let v be (21/21)/(3 + (-1004)/335). What are the prime factors of -1 + -2 + 7 + v?
3, 113
Let n(v) = -54*v + 19. Let l be n(-3). Suppose 263 + l = k + g, 0 = -3*k - g + 1322. List the prime factors of k.
439
Let o(h) be the third derivative of 1/3*h**3 - 3*h**4 + 25*h**2 + 0*h + 0. What are the prime factors of o(-2)?
2, 73
Suppose 82*a - 973058 - 2352710 = -909638. List the prime factors of a.
5, 71, 83
Suppose -3*i = 4 + 2, -6 = -2*l + 3*i. Suppose -1033 = -3*v - 2*j, l*v - 3*v + 4*j + 1021 = 0. What are the prime factors of v?
7
Let f be -4*(-66)/24 - (-1)/1. Let p be ((-1)/(-3))/(f/72). What are the prime factors of 43 - 2/((-2)/p)?
3, 5
Suppose 3*z + 27 = 0, -399*n - 3*z = -394*n - 119708. List the prime factors of n.
7, 11, 311
Let i(m) = 29*m. Let s be i(1). Let d = s - 31. Let y(b) = -3*b**3 + b**2 + b. What are the prime factors of y(d)?
2, 13
Let a(y) = -y + 2*y**2 + 3*y + 8*y - 4*y**2. Let v be a(5). Suppose v = -0*m + m + t - 46, -62 = -m + 3*t. What are the prime factors of m?
2, 5
Let v = -356 + 72. Let a = v + 167. Let b = a + 210. What are the prime factors of b?
3, 31
Suppose -21*u + 19*u + 498 = 0. What are the prime factors of u*-1*(2 + 28/(-12))?
83
Let x(z) = -4*z - 22. Let o be x(-5). Let i be -2*(14/(-4))/7. What are the prime factors of (i + -86)/((-1)/o*-2)?
5, 17
Let f = -135 + 208. Let s = f - -592. List the prime factors of s.
5, 7, 19
Let i be 177*-1*(65/15 - 5). Let x = -53 + i. List the prime factors of x.
5, 13
Let w(l) = l**2 - 13*l - 2. Let g be w(12). Let x(k) = -3*k - 30. Let q be x(g). Suppose 0 = 4*u - 196 - q. What are the prime factors of u?
2, 13
Let c = 22934 - 17701. List the prime factors of c.
5233
Let k = 3022 + -2423. What are the prime factors of k?
599
Suppose 17 - 12 = 5*v, -3*r = -4*v - 488. Suppose 0 = -2*h - 180 + 2198. Suppose -5*d = r - h. What are the prime factors of d?
13
Let v(c) = -510*c + 1393. What are the prime factors of v(-9)?
31, 193
Suppose -11*v + 101295 = 17*v - 23*v. What are the prime factors of v?
3, 2251
Let w = 2737 + -171. List the prime factors of w.
2, 1283
Suppose 5*v - 821 = 264. Let o = -154 + v. List the prime factors of o.
3, 7
Suppose 3*j = 6*o - 5*o - 12407, 4*o - 49550 = -j. List the prime factors of o.
13, 953
Let k(j) = -375*j - 1379. What are the prime factors of k(-7)?
2, 7, 89
Let m(p) = 2*p - 6. Let y be m(6). Let v be -2*(3 - (-789)/y). Let o = v - -380. List the prime factors of o.
3, 37
Suppose -57*j = -15*j. Suppose -g + 0*g + 13 = -2*h, -4*h - 29 = -3*g. Suppose j = g*k + 5*k - 1000. List the prime factors of k.
5
Let m(l) = 894*l - 952. List the prime factors of m(16).
2, 1669
Suppose 0 = 123*r - 13*r - 482130. What are the prime factors of r?
3, 487
Let y be 12/(-16) - (-2 - 6/8). Let q(l) = 26*l**3 + 6*l**2 - 10*l + 6. List the prime factors of q(y).
2, 109
Let s(u) = -2*u**2 - 4*u - 4. Let d be s(-2). Let n be d/(-30) + (-1586)/(-30). Let j = -22 + n. List the prime factors of j.
31
Let x(h) = -80*h + 37. Let v(z) = -559*z + 258. Let n(b) = -6*v(b) + 43*x(b). List the prime factors of n(-4).
3, 43
Let x(g) be the third derivative of 7*g**5/60 - 5*g**4/12 + g**3/6 + 33*g**2. What are the prime factors of x(9)?
2, 239
Suppose -105179 = 611*w - 765168 - 104983. What are the prime factors of w?
2, 313
Let m(r) = -64*r - 19. Let o = 141 - 42. Let w be (-319)/o - (-4)/18. What are the prime factors of m(w)?
173
Let x(q) = -q**3 - 7*q**2 - 6*q + 14. Let k be x(-6). Let l be (-12)/42 + 60/k. Suppose 3*w = l*i + 264, 3*i - 78 - 115 = -2*w. List the prime factors of w.
2, 23
Suppose 6*i - 3*i - 5*v = 10, -v - 2 = -i. Let k(q) = -30*q**3 + 2*q**2 - 5*q - 2. Let d be k(-2). Suppose 14*r - 10*r - d = i. What are the prime factors of r?
2
Let a = 105 + -95. Suppose -a*s = -14*s - 12. What are the prime factors of (-42 - -5)/(s + 2/1)?
37
Let i be (2/(-6)*-2)/((-14)/21). Let m be 0 - (6/(-10))/(i/(-5)). Suppose -m*y + 62 = 20. What are the prime factors of y?
2, 7
Let v(m) = -6*m - 445. Let i(r) = -3*r - 223. Let n(y) = 5*i(y) - 3*v(y). List the prime factors of n(8).
2, 61
Suppose -s = -14*s. Suppose g = 11*f - 6*f + 595, s = 2*f + 8. What are the prime factors of g?
5, 23
Suppose -4*s - 8 = -44. Suppose 3*u - s*u = 324. Let v = u + 62. List the prime factors of v.
2
Let d be 2*(-5 - 2 - -9). Let x(h) = 5*h**3 + 4*h**2 + 6*h - 6. List the prime factors of x(d).
2, 3, 67
Suppose h + 9*h - 50 = 0. Suppose 5*l - 4*u = 2621, 4*l = h*u + 583 + 1512. Suppose 4*d - l = 247. What are the prime factors of d?
193
Let g be 7 + (13/(-4) - (-90)/(-120)). Suppose 15*s + 3*b = 19*s - 1209, -g*b + 15 = 0. List the prime factors of s.
2, 3, 17
Suppose 2*f = -7*f + 243. List the prime factors of ((-1206)/(-8))/(f/72).
2, 3, 67
Let r(b) be the first derivative of -b**3 - 37*b**2 - 3*b + 101. List the prime factors of r(-9).
2, 3, 5, 7
Let d(l) = 490*l - 29. Let m(n) = -979*n + 58. Let p(o) = -13*d(o) - 6*m(o). List the prime factors of p(-2).
1021
Suppose -5*s - 15 = 0, 2*o + 4*s - 525 = 3*o. Let u = o - -763. Suppose 65 = c + 3*n, -c - u = -5*c + 5*n. What are the prime factors of c?
59
Let g(o) be the second derivative of -7*o**3/6 + 29*o**2/2 - 27*o + 2. What are the prime factors of g(-8)?
5, 17
Suppose 36*l - 2987936 = -46*l + 1085906. List the prime factors of l.
49681
Suppose 13*y - 47040 = 8*y - 10*y. List the prime factors of y.
2, 7
Suppose 149548 = -42*b + 86*b - 40*b. List the prime factors of b.
7, 109
Let n(w) = -4*w**3 + 2*w**2 + 3*w + 2. Let h be n(-1). Suppose -5*z + 35 = h*p, -3*z + 17 = p - 0*p. Suppose 79 = s - p. What are the prime factors of s?
3
Suppose 358 + 47 = 27*u. Suppose 17*y - u*y - 260 = 0. List the prime factors of y.
2, 5, 13
Let p(w) = w**2 - 12*w - 1. Let d be p(10). Let q be ((-7)/d)/(2/906). Suppose 4*b = 3*b + q. List the prime factors of b.
151
Let q(v) be the second derivative of 0 + 3/2*v**3 + 26*v + 12*v**2 + 1/3*v**4. List the prime factors of q(-7).
157
List the prime factors of (-18 - (-5 - 6405/(-28)))/((-1)/36).
3, 967
Let x(q) = -9*q + 11. Let k be x(-5). Suppose -5*u + 4*f + 981 - k = 0, 900 = 5*u + f. What are the prime factors of u?
181
Let t = 19 - 35. Let a be (-56)/t + (-3)/(-2). Suppose 5*j = -3*f + 117, -j = 3*j + a*f - 91. What are the prime factors of j?
2, 3
Suppose 0 = -20*r + 21*r + 148. Let o = r - -313. Let d = o + 93. List the prime factors of d.
2, 3, 43
Let y(f) be the second derivative of -2*f + 16/3*f**3 + 2*f**2 + 0. List the prime factors of y(2).
2, 17
Let a(x) = -430*x + 1207. What are the prime factors of a(-24)?
11527
Let k(l) = l**3 - 10*l**2 + 19*l + 3. Let q be k(8). Suppose -6*r = -3*r - q. What are the prime factors of (-20)/(-15)*r + 4?
2
Suppose -3*d + 18 = 3*r - 6, 0 = -r + 5*d - 10. Suppose 5 = -r*h - 5*k, h + 2*h = k + 1. Suppose 6*f - 92 - 250 = h. What are the prime factors of f?
3, 19
Suppose 15*v = 26 + 169. Suppose 1896 = -v*c + 21*c. List the prime factors of c.
3, 79
Let l = 126 - 26. Let r = l + -94. Suppose d + r*d = 1190. What are the prime factors of d?
2, 5, 17
Let g = 1512 + 4676. Suppose -y + 1859 = -5*o + g, 3*y = 5*o - 4337. What are the prime factors of o?
5, 173
What are the prime factors of (-4)/(44/(-108185)*1)?
5, 7, 281
Let u(c) = c**2 - c - 1. Let a be (-3 - -3) + -4 - -1. Let o be u(a). Let f = o - -23. What are the prime factors of f?
2, 17
Suppose -f - 119*f + 459202 + 1375358 = 0. List the prime factors of f.
2, 3, 7, 13
Let a = -37 - -42. Suppose a*m + 3*i - 2*i = -43, -6 = 2*i. What are the prime factors of 18/((m/3)/(-4)